m + k*m + 67 = 0. What is the greatest common factor of 30 and x?
15
Suppose 88 = 3*w - 2*u, -3*w + 124 = w - 4*u. What is the highest common factor of 52 and w?
26
Let g = 96 - 67. Suppose g = 2*l - 55. Let t(f) = 4*f - 2. Let q be t(4). What is the highest common divisor of q and l?
14
Let b be -13 - 0/(-3) - 0. Let g = -8 - b. Let y be (g/1)/(1 + 0). Calculate the highest common factor of y and 2.
1
Suppose -3*u - 10 = 2*u, -22 = -4*x + 5*u. Let b be 66*(-6)/(-27)*x. Let z(a) = a**2 - 5*a - 2. Let m be z(6). What is the greatest common factor of b and m?
4
Let k = 62 - 45. What is the highest common divisor of 119 and k?
17
Suppose 20*k - 12 = 16*k. Suppose 0 = -y - q + 7, -3*y + k*q + 6 = -3. What is the highest common divisor of 2 and y?
1
Let j = -8 - -32. What is the highest common divisor of 120 and j?
24
Let x(k) = 22*k. Let d be x(2). Let q be d - 0*(-4)/(-16). Calculate the greatest common factor of 22 and q.
22
Suppose 1 - 2 = f. Let q(x) = 78*x**2 + 2*x + 1. Let b be q(f). Let z be 1037/153 - (-4)/18. What is the greatest common divisor of z and b?
7
Suppose -2*k = -k + 117. Let a(o) = o**3 + 2*o**2 - 2*o + 3. Let l be a(-5). Let n = l - k. Calculate the highest common factor of 11 and n.
11
Let n = 0 + 9. Suppose 3*t + 45 = 2*b, -3*b + 44 + 40 = t. What is the greatest common divisor of b and n?
9
Suppose -39 = -2*g + 1. Let d = 25 - g. What is the greatest common divisor of 40 and d?
5
Let k be -15*(0 + 1)*-1. Let p = -9 - -12. What is the greatest common factor of p and k?
3
Let t(l) = 5*l - 48. Let c be t(20). What is the greatest common factor of c and 4?
4
Suppose 2*k = 163 - 33. Let c(p) = 3*p**2 - 42*p - 19. Let z be c(15). Calculate the greatest common divisor of k and z.
13
Suppose 4*z - 10 = 22. Calculate the highest common factor of z and 200.
8
Let m(r) = r**3 - 10*r**2 + r - 2. Let z be m(10). Suppose -p + 2 = 0, 3*y - p = 20 + 26. Calculate the greatest common divisor of y and z.
8
Let a(r) = -6*r - 18. Let t be a(-6). Calculate the greatest common divisor of 2 and t.
2
Suppose 31 + 3 = c - 5*a, a = 3*c - 46. Calculate the greatest common factor of 84 and c.
14
Let u be (-1)/2*2496/(-12). What is the highest common factor of 13 and u?
13
Let r(f) = f**2 - f - 3. Let w be r(-4). Let h = 29 + -12. Calculate the greatest common factor of h and w.
17
Let i(o) = -o**2 + 29*o + 346. Let d be i(-9). Let f = 12 + -6. Let x(z) = -z**2 + 6*z + 1. Let t be x(f). Calculate the highest common divisor of d and t.
1
Let i(n) = 2*n**2 - 8*n - 1. Let k be i(5). Calculate the highest common divisor of k and 9.
9
Suppose -m + 2*c + 6 = 4*c, c - 17 = 3*m. Let i = -1 - m. Suppose 44 = 3*f - 0*f + a, 0 = 3*f - i*a - 60. What is the greatest common factor of 2 and f?
2
Suppose 0 = -5*g - 2*i + 39, -g + 3*i = -18. What is the greatest common divisor of 3 and g?
3
Suppose 20 + 134 = -2*o. Let y = o + 113. Suppose 0*z + 360 = 4*z. Calculate the greatest common factor of y and z.
18
Suppose 4*y + 2*v + 18 = 0, -y + 2*v = 16 - 4. Let o = y + 11. Suppose 2*b - 3 = -h, -4*b + 0*h + o*h + 13 = 0. What is the greatest common factor of b and 22?
2
Let x(p) = -p**2 - 2*p + 3. Let y be x(0). What is the highest common divisor of y and 9?
3
Let f be 2/4 + (-165)/(-6). Suppose 5*q - f = 3*q. Calculate the greatest common divisor of 126 and q.
14
Suppose -4*l + 5*j = -406, -l - 105 = -2*l + 3*j. What is the highest common factor of l and 11?
11
Let j be 2*(-1)/2 - -4. Suppose 2*u + 448 = 4*z, 0 = j*z + u - 118 - 218. Let x(o) = 4*o**2 + o. Let q be x(-2). What is the greatest common factor of z and q?
14
Let u = -113 + 132. Calculate the highest common factor of u and 323.
19
Suppose -5*q = 2*c - 205, c - 5 = -0*c. Suppose -3*d + a + 0 = -1, 2*d + 2*a = -2. Let r be 0 - d - 143/(-11). Calculate the highest common factor of q and r.
13
Suppose 0 + 3 = j. Suppose j*g - 5*w - 56 = 0, 4*g - 56 = 2*w - 0*w. Calculate the highest common factor of 18 and g.
6
Let k = -27 - -52. Let u(f) = 5*f + 5. Let o be u(9). What is the greatest common factor of k and o?
25
Let c be (15/(-25))/((-1)/5). Let b(j) = 1 - 21*j + 4 - c + 1. Let x be b(-3). Calculate the greatest common divisor of 22 and x.
22
Let n = 94 - 52. What is the highest common divisor of n and 126?
42
Suppose 4*r + 13*v = 12*v + 171, 5*r - v - 225 = 0. Calculate the highest common factor of 11 and r.
11
Let p be -3 + 3 + -4 - -8. What is the highest common divisor of p and 1?
1
Let i be 0 - (-1 - 29/1). Suppose 750*r + 60 = 756*r. Calculate the highest common divisor of r and i.
10
Suppose -s + 24 = 2*s + v, -v - 32 = -5*s. What is the highest common divisor of s and 21?
7
Let b = 41 - 25. Suppose 5*y + 79021 = 11151. Let k be (-2)/7 + y/(-77). Calculate the greatest common divisor of k and b.
16
Suppose 14 = -3*j - 1. Let y(p) = -p - 4. Let h be y(j). Calculate the greatest common factor of h and 1.
1
Let g(a) = -a**3 - 10*a**2 - 2*a - 6. Let y(u) = 11*u + 1. Let l be y(-1). Let b be g(l). What is the highest common divisor of b and 14?
14
Let h = 72 - 28. Calculate the highest common factor of 4 and h.
4
Suppose -4*d = -0*w + w - 112, 140 = 5*d - w. What is the greatest common factor of 224 and d?
28
Suppose 4*c + 544 = 4*k + 132, -2*k = 5*c - 241. What is the highest common factor of k and 18?
18
Let c(b) be the second derivative of b**3/6 - b**2/2 - 2*b. Let r be c(3). Let l be ((-10)/4)/((-1)/r). Calculate the greatest common factor of l and 1.
1
Suppose 0 = 3*n - 3. Suppose t - 1 - n = -2*j, -4 = -4*j - t. Let r be j + 0 + 9 + -2. What is the highest common divisor of r and 8?
8
Suppose 2*j - 2*x - 18 = 0, 3*j - x + 6*x + 5 = 0. Suppose -4*w = -j*p + w - 85, -1 = -p - 5*w. Let s = -6 - p. What is the highest common divisor of s and 8?
8
Let f be (-4)/2 - (-8)/2. Suppose f = -2*p + 3*p. Suppose -w + 18 = p*w. What is the highest common divisor of 6 and w?
6
Let r be 2 - 4 - (-141 - 4). Calculate the greatest common factor of r and 13.
13
Let m(f) = -f**3 + 4*f**2 - 3*f + 2. Let n be m(2). What is the highest common divisor of 20 and n?
4
Let q = -5 + -3. Suppose 2*p - 4*p - 46 = -4*d, -5*d + 75 = p. Let v = d + q. Calculate the highest common divisor of v and 30.
6
Let g(r) = 5*r**3 - 2*r**2 + 1. Let f be g(2). Calculate the highest common factor of 231 and f.
33
Suppose l - 12 = 18. Calculate the greatest common factor of 10 and l.
10
Suppose 0 = -4*z - 4, y - z + 133 = 3*z. Let j = 257 + y. Calculate the greatest common divisor of 15 and j.
15
Let q = 7 - 10. Let o = 0 - q. Suppose -2*u - o*u - l + 116 = 0, -8 = 2*l. Calculate the greatest common divisor of 16 and u.
8
Suppose -3*z + 40 = -4*m + 2*m, -z + 5*m = 4. Let x = -28 + z. Let a = x + 19. Calculate the highest common factor of a and 7.
7
Let m(j) = 24*j**2 + j. Let d be m(-1). What is the greatest common factor of 138 and d?
23
Let x be (14/4)/((-2)/(-4)). Suppose 3*q + 1 = x. What is the highest common factor of 18 and q?
2
Suppose 4*x - 5 = 11. Let y(w) = w**2 - 2*w - 3. Let t be y(x). Calculate the greatest common divisor of t and 15.
5
Let b(z) = -28*z + 2. Let x be b(-1). What is the greatest common divisor of x and 18?
6
Suppose -k + 6*k = 20. Let w be 3/(3/2) - -4. Suppose 2*x - x = w. What is the highest common divisor of k and x?
2
Suppose -27*t = -35*t + 672. What is the highest common factor of 42 and t?
42
Suppose 0 = -5*q + q + 224. Calculate the greatest common factor of q and 7.
7
Suppose -5*u + 0*u - 43 = -2*y, -y - 1 = 5*u. What is the highest common factor of 126 and y?
14
Suppose 0 = 5*k - 2*k - 42. Suppose -13 - 8 = -3*b. Calculate the highest common divisor of k and b.
7
Suppose 0 = 2*w - 35 - 29. Suppose -3*r = o + 4*o - 48, 3*o = -5*r + w. What is the highest common factor of 45 and o?
9
Let j(f) = -2*f**2 + 25*f + 18. Let n be j(13). What is the highest common divisor of 40 and n?
5
Let g = -64 - -67. What is the highest common divisor of 12 and g?
3
Let g(k) = 9*k - 4 - k**3 - 9*k - 2*k**2. Let s be g(-3). What is the greatest common factor of 2 and s?
1
Let m = 753 + -506. Let r be m - 4/(-8)*2. Calculate the highest common divisor of r and 31.
31
Let b = -7 - -17. What is the greatest common divisor of 60 and b?
10
Let p = 21 - 12. Suppose x - 7 - 74 = 0. Calculate the greatest common factor of x and p.
9
